he tens digit of (0/v - -1)*17?
1
Let z = -20 + 22. What is the tens digit of -120*((-15)/6 + z)?
6
Let k = 37 - 6. Suppose -4*z + 346 = 90. Let n = z - k. What is the tens digit of n?
3
Let t = -11 - -10. Let q be 5/(-15)*(t - 14). Suppose -q*v - s = -131, -3*s - 2*s + 5 = 0. What is the units digit of v?
6
Let z(c) = 11*c**2 - 2*c + 2. Let g be z(1). Let m(d) = 6*d - 1. Let l be m(6). Let s = l - g. What is the tens digit of s?
2
Let t = -11 - -45. Suppose -5*q + 204 = t. What is the units digit of q?
4
Suppose 84275 = 40*c + 7675. What is the tens digit of c?
1
Suppose -42*x - 2877 = -45*x. What is the units digit of x?
9
Let c(i) = i + 13. Let v(b) = b**2 + 4*b - 9. Let p be v(-7). Suppose 0 = 2*l - l - p. What is the tens digit of c(l)?
2
Suppose -3*n + l + 32 = -2*n, l - 100 = -3*n. Suppose 3*h + 0*h + n = 0. Let s(z) = -3*z + 7. What is the tens digit of s(h)?
4
Let n = 11 + -5. What is the units digit of 7160/48 + (-1)/n?
9
Let a(o) = -15*o + 10. Let r = -19 + 16. What is the tens digit of a(r)?
5
Suppose 0 = 2*j - 3 + 1, 0 = 3*p + 3*j - 4173. What is the hundreds digit of p?
3
Let w(v) = v - 12. Let t(r) = -2*r + 13. Suppose 2*y - 6 + 0 = 0. Let q(a) = y*t(a) + 4*w(a). What is the units digit of q(-7)?
5
Let h = -122 + 104. What is the units digit of (88/3)/((-6)/h)?
8
Let n be 160/12*(-45)/6. Let w be (-5)/(n/(-8))*-5. Suppose -108 = -2*h - w*h. What is the units digit of h?
7
Suppose 5*y - 1727 = 8*j - 6*j, -4*j = -4*y + 1384. What is the units digit of y?
5
Let x(i) = -9*i - 19. Let n(m) = 11*m + 20. Let c(w) = -4*n(w) - 5*x(w). Suppose -k = k, -2*k - 60 = -5*a. What is the tens digit of c(a)?
2
Let j = -4 + 7. Suppose -4*i = 4*b - 92, -i - 2*b = -j*b - 15. What is the tens digit of i - 6 - (1 + 2)?
1
What is the hundreds digit of (110/(-50) - -3)/(2/530)?
2
Suppose 3*l = -5*m + 14, 0*l + 5*m + 26 = 2*l. Let b = 8 - l. Let a = 3 - b. What is the units digit of a?
3
Let i be (-2)/(-7) + (-72644)/(-154). Suppose -4*m + 5*x + 643 = 0, -4*m + i = 4*x - 180. What is the hundreds digit of m?
1
Suppose -41*v + 70191 + 47766 = 0. What is the thousands digit of v?
2
Let v be (-27)/36 - (-671)/4. Let m be v/(-8) + 3/(-24). What is the units digit of (-3)/(-4 + (-81)/m)?
1
Suppose 4*r + 28 = 140. Suppose 5*o - 3*f - 72 = 0, -4*f + r = 4*o + f. Suppose 2*s - 2*p = -2 + o, -9 = -2*s + p. What is the units digit of s?
4
Let d(b) = 10*b - 136. Let l be d(12). Suppose 4*k = 4*x - 65 - 79, -4*k = 0. Let n = x - l. What is the units digit of n?
2
Suppose 2*m - 7 + 3 = 0. Suppose -h - m*j = 0, j = 3*h - 16 + 2. Suppose h*l + 10 = -4*y + 5*y, -3*l = 5*y - 96. What is the units digit of y?
8
Suppose 22 - 10 = -2*b. Let j = b - -9. Let o = 9 + j. What is the units digit of o?
2
Let r be 1/2*30/(-3). Let d(a) = -13*a + 16. Let i be d(r). Suppose 0 = 3*u + j - 174, 0 = -u - 4*j - 12 + i. What is the units digit of u?
7
Let b = -19 + 26. What is the tens digit of b/(-28) - (-975)/12?
8
Suppose -3*t - r = -5426, 3*r + 0*r = 6. Suppose -8*x + t = -0*x. What is the tens digit of x?
2
Suppose -9*t = -14*t - 230. Let x = 145 - t. What is the tens digit of x?
9
Let j(i) = -i**2 - i + 18. Let b be j(9). Let o = -12 - b. What is the tens digit of o?
6
Let v = 315 + -256. Let n be 96 + 4*1/2. Let o = n - v. What is the tens digit of o?
3
Let w(u) = -17*u - 9. Suppose 3*b = -0*b + 4*p - 11, -43 = 3*b + 4*p. What is the hundreds digit of w(b)?
1
What is the thousands digit of (432/5)/(0 + (-1)/(-35))?
3
Suppose 0 = 2*y - 2*l - 8, -3*y + 4*l = 1 - 15. Suppose y*r + 215 = -181. What is the tens digit of (-10)/(-25) + r/(-5)?
4
Suppose 7757 = -10*z + 27137. What is the tens digit of z?
3
Suppose -3*w + 724 = 5*y, y - 3*w - 736 = -4*y. Suppose 0 = 4*q + 2*k - 572, y = q - 0*q + 2*k. What is the units digit of q?
2
Let w(t) = -25*t + 4. Suppose -3*j - 23 = -5. Let h be w(j). Suppose h + 106 = 5*i. What is the units digit of i?
2
Let z(n) = -n**3 - 7*n**2 + 3. Let v be z(-7). Suppose 2*l + v*f = 244, -5*l + 2*f + 2*f = -564. What is the units digit of l?
6
Let q(y) = -649*y + 590. Let b(g) = -65*g + 59. Let d(c) = 59*b(c) - 6*q(c). What is the hundreds digit of d(5)?
2
Let h = 3 + -1. What is the tens digit of h/(-4) - 1353/(-22)?
6
Suppose -3*c + 5*c - 4 = 0. Let p be c/4*10/(-5). Let h = p - -8. What is the units digit of h?
7
What is the hundreds digit of -70*45/(-26) - (-58)/(-377)?
1
Suppose 5*o - 36 = 3*o. Let z be (16/(-12))/((-4)/o). Let x = z - 1. What is the units digit of x?
5
Let l(d) = -d**2 + 8*d - 9. Let p be l(6). Suppose 0 = -p*w - r - 35, -r = -4*w + 4*r - 53. Let g = -1 - w. What is the tens digit of g?
1
What is the hundreds digit of 2260 + -1*(-12)/2?
2
Suppose -140674 = 322*o - 359*o. What is the thousands digit of o?
3
Let m(u) = 12*u - 3*u**2 + 34 + 4*u**2 - 2*u**2 + 2*u**2. What is the units digit of m(-10)?
4
Let w(x) = -x**2 - 9*x + 4. Suppose 64 = -4*a - b, -a - b - 17 = -1. Let l = 8 + a. What is the units digit of w(l)?
2
Let t = -37 - -37. Suppose -5*a + t*d + 214 = -d, 222 = 5*a - 3*d. What is the tens digit of a?
4
Let p be (-2)/8 - (-29)/4. Suppose 56 - 58 = i. Let x = i + p. What is the units digit of x?
5
Let r be 6*(-3)/(-6) + 217. Suppose 3*f - 7*f = -r. What is the units digit of f?
5
Let v = 23 - 22. Let p be v/(((-33)/72)/11). Let l = p + 41. What is the units digit of l?
7
Suppose -5*b = 20 - 1340. What is the units digit of b?
4
Let c = -532 + 875. What is the units digit of c?
3
Let g(i) = -13*i + 5. Let m(n) = n - 1. Let t(h) = -g(h) - 2*m(h). What is the tens digit of t(3)?
3
Let d(y) = y**2 + 4*y + 13. Let f be -2 + -1 + 0 + 1*-6. What is the tens digit of d(f)?
5
What is the thousands digit of (10/4)/((2 + 3)/2510)?
1
Let p(j) = j + 10. Let k be p(4). What is the units digit of 4/k + (-1130)/(-14)?
1
Let c(j) = j**2 - 4*j. Let l be c(4). Suppose l = g - 4*r + 3, -4*r = -10*g + 5*g - 79. Let y = -3 - g. What is the tens digit of y?
1
Let g = -3662 + 7169. What is the units digit of g?
7
Let o = 478 + -282. Let y = o - -66. What is the tens digit of y?
6
Let b = 62 + -60. Suppose 366 = b*z + 32. What is the units digit of z?
7
Let i(j) = -6*j - 30. Let b be i(10). What is the tens digit of b/(-6)*(-58)/(-6)?
4
Suppose -o + 3*o - 2 = 0, -4*z - o = -5425. What is the hundreds digit of z?
3
Let c = -81 - -182. Suppose 5*f - c = 79. What is the units digit of f?
6
Let p(i) = 2*i**3 - 5*i**2 - 5*i - 6. What is the tens digit of p(5)?
9
Suppose 7*l = 18 - 60. Let c(n) = 5*n**2 + 13*n + 0*n**2 - 2*n**2 - 5. What is the tens digit of c(l)?
2
Let j = 9 - -7. Let p = -34 - -20. Let i = j - p. What is the tens digit of i?
3
Let r be ((-2)/(-3))/(3/9). Let n(t) = -2 + 2*t**2 - 4*t**r + t**3 - 2*t + 0*t**3 - t**2. What is the units digit of n(4)?
6
Let b(h) = 5*h**2 + h - 1. Let y be b(1). Suppose 0*l + 5*t + 10 = 4*l, 15 = y*l - 5*t. Let j = l + 25. What is the units digit of j?
0
Let f be 10/(-15)*(0 + -9). Let i = f - -2. Let y(x) = 3*x + 2. What is the tens digit of y(i)?
2
Let i = -3462 + 5507. What is the units digit of i?
5
Suppose 109*m + 26095 = 126*m. What is the thousands digit of m?
1
Let o be 2*(-4)/16*-18. Suppose -134 - 361 = -o*q. What is the tens digit of q?
5
What is the tens digit of (5/2)/((-26)/(-6916))?
6
Suppose -x = -4*x. Suppose 0 = 3*v - x*v - 123. Let p = 57 - v. What is the tens digit of p?
1
Let r = 126 + -65. What is the units digit of r?
1
Let n(o) = -o**2 - 11*o + 14. Let l be n(-12). Suppose l*d - 1 = 5. Suppose -d*y + 2 + 1 = 0. What is the units digit of y?
1
Suppose -4*a = -28 - 16. Let g(s) = -s**2 + 8*s + 14. Let o be g(a). Let j = o - -21. What is the units digit of j?
2
Suppose d - 6*d + 14 = 2*b, -4 = -b - d. Suppose a = -y + 10, -y - 4*a - b = -3*y. What is the units digit of y?
7
Let c = 251 + -146. Suppose b - c = -21. What is the tens digit of b?
8
What is the units digit of 970/9 - (-9)/((-648)/(-16))?
8
Let o(v) = -v**2 - 4*v + 3. Let b(d) = 2*d + 12. Let i be b(-8). Let l be o(i). What is the tens digit of ((-1)/l)/(8/(-936))?
3
Let j(i) = -2*i**2 - 5*i - 1. Let g be j(7). Let p = -91 - g. Let u = -28 + p. What is the tens digit of u?
1
Let g(t) = -t - 5. Let s be g(1). What is the tens digit of 3 - 3*-1*(-20)/s?
1
Suppose -7 = -5*w + 12*w. What is the tens digit of -89*w*(1 + 0)?
8
Let b